 is -12 - 2cc8?
-2cda
In base 3, what is 121 + -12212220?
-12212022
In base 5, what is 130042 + -2?
130040
In base 9, what is 4 + 21122?
21126
In base 16, what is -4c - dc?
-128
In base 15, what is 1529c - 5?
15297
In base 16, what is -52 + -8a?
-dc
In base 6, what is -5121 + 203?
-4514
In base 5, what is 1003322 - -20?
1003342
In base 13, what is -30566 - 15?
-3057b
In base 12, what is -801 + 1b?
-7a2
In base 9, what is -53472 - 3?
-53475
In base 10, what is 11 - 12309?
-12298
In base 13, what is 129 - -10a3?
11cc
In base 3, what is -1 + 1022021002?
1022021001
In base 2, what is 11000101101 - -101111?
11001011100
In base 12, what is -156 + -358?
-4b2
In base 16, what is 30b64 + -4?
30b60
In base 8, what is -273571 + -4?
-273575
In base 2, what is 111000110100 + 11111101?
111100110001
In base 10, what is 2675 + 17?
2692
In base 12, what is -1 - -926a7?
926a6
In base 8, what is -4 - -43454?
43450
In base 9, what is -75 + 1603?
1517
In base 12, what is -4 - 450?
-454
In base 8, what is -47457 + -2?
-47461
In base 5, what is 4423 - -11?
4434
In base 16, what is -3 - -275ea?
275e7
In base 16, what is -18 + -d488?
-d4a0
In base 11, what is 76283 - 20?
76263
In base 6, what is -11 + 20330?
20315
In base 6, what is 41555 + 22?
42021
In base 14, what is -5 + -3460?
-3465
In base 6, what is -15003 + -1211?
-20214
In base 9, what is -82546 + 7?
-82538
In base 8, what is -17 + 54504?
54465
In base 3, what is 222222 - 1110100?
-110101
In base 9, what is -2627 + -4?
-2632
In base 9, what is 861734 + 1?
861735
In base 2, what is -1001000000000101 - 10011?
-1001000000011000
In base 6, what is 322 + 15250?
20012
In base 2, what is 1 - 100001101110111?
-100001101110110
In base 9, what is 187674 - 3?
187671
In base 7, what is -6111251 + -2?
-6111253
In base 4, what is 12110123 - -2?
12110131
In base 10, what is -25304 - 5?
-25309
In base 6, what is 0 - 4053331?
-4053331
In base 16, what is -2 - -683be?
683bc
In base 12, what is 216 + 4a?
264
In base 16, what is -5 + 8be4?
8bdf
In base 15, what is -2 - 70852?
-70854
In base 6, what is 3435 + 25421?
33300
In base 3, what is -2022 + 102101?
100002
In base 4, what is 1302330 - 12?
1302312
In base 4, what is -10300313 + 30?
-10300223
In base 7, what is 22 - -11106?
11131
In base 16, what is -5 + 2fe6?
2fe1
In base 2, what is -1001 + -11111010010?
-11111011011
In base 2, what is 10010000 - 10000001000?
-1101111000
In base 13, what is b9 - -80b?
8c7
In base 9, what is -1751 + 446?
-1304
In base 8, what is 6 - 62761?
-62753
In base 8, what is 166 + 10722?
11110
In base 5, what is 220032 - 0?
220032
In base 5, what is 303334214 + 10?
303334224
In base 3, what is -11 - 20121120010?
-20121120021
In base 12, what is 51 - -530?
581
In base 12, what is -4 + -68b2?
-68b6
In base 4, what is 11133 - 120303?
-103110
In base 10, what is 21 + -31686?
-31665
In base 14, what is -2d0 - 2c4?
-5b4
In base 2, what is -11111010110 - -100100100?
-11010110010
In base 16, what is 5a8a + -5?
5a85
In base 16, what is 3 + -1d1f?
-1d1c
In base 8, what is -21675 + 2?
-21673
In base 10, what is -59 + 2558?
2499
In base 10, what is -32 + 4996?
4964
In base 15, what is 2e0 - 3c9?
-d9
In base 11, what is -88 + -665?
-742
In base 10, what is -4 - 185151?
-185155
In base 2, what is 10 + 10001011101100010?
10001011101100100
In base 6, what is 1102020 + -3?
1102013
In base 10, what is -3 + 130909?
130906
In base 8, what is 2736354 + -4?
2736350
In base 14, what is 18d + 949?
ad8
In base 16, what is -f - a44?
-a53
In base 10, what is 2890 - -169?
3059
In base 14, what is -10d + 400?
2d1
In base 3, what is -201021 + -221012?
-1122110
In base 2, what is 11101111000111101110 + -11?
11101111000111101011
In base 5, what is -3341 + -201?
-4042
In base 6, what is 11350503 - 0?
11350503
In base 2, what is 100 + -110001100100010?
-110001100011110
In base 6, what is 442 + 243?
1125
In base 4, what is -3 + -212023?
-212032
In base 10, what is 779 - 385?
394
In base 7, what is -1255 + -1242?
-2530
In base 6, what is 11 - -54100?
54111
In base 14, what is 3 + 2ab?
2b0
In base 14, what is -4 + 1b82?
1b7c
In base 12, what is -4 + 100445?
100441
In base 14, what is -484dc + -6?
-48504
In base 7, what is -10455326 + -11?
-10455340
In base 16, what is b7c2 + -2?
b7c0
In base 3, what is 11110 - 121121?
-110011
In base 10, what is -1956 + -4?
-1960
In base 2, what is -101 + 10000111111?
10000111010
In base 6, what is 5555 - -11010?
21005
In base 6, what is -2524 - 5?
-2533
In base 4, what is 2103 - 1321?
122
In base 5, what is 2 + 102404?
102411
In base 2, what is -1011001 - 10110001100?
-10111100101
In base 6, what is -3342011 - 12?
-3342023
In base 5, what is 3 + 432310?
432313
In base 3, what is -1122100 + -220001?
-2112101
In base 2, what is 101011111 - -11101010?
1001001001
In base 8, what is 6624 - -1341?
10165
In base 3, what is 10 - -1022202222?
1022210002
In base 15, what is 75e0 + -3?
75dc
In base 14, what is -15cd0 + 3?
-15ccb
In base 7, what is 361364 + 4?
361401
In base 6, what is 2 - 52053?
-52051
In base 4, what is 31 + -301132?
-301101
In base 12, what is -2 - 839a?
-83a0
In base 16, what is 3db + -14?
3c7
In base 10, what is 37539 - 20?
37519
In base 15, what is -176db - 5?
-176e1
In base 8, what is -30445 - 4?
-30451
In base 4, what is 3301203 + 1?
3301210
In base 11, what is -6 - 528a?
-5295
In base 3, what is 11121202 - -101?
11122010
In base 13, what is -8 + -14286?
-14291
In base 11, what is -5 - 104080?
-104085
In base 11, what is -2a3313 - 3?
-2a3316
In base 16, what is 1 + 34af?
34b0
In base 14, what is -6 - -113966?
113960
In base 9, what is -7482 + 112?
-7370
In base 16, what is -ef1b - -1?
-ef1a
In base 5, what is 230 - 232202?
-231422
In base 4, what is 2031 + -22032?
-20001
In base 8, what is 5373 + -15?
5356
In base 6, what is 23 + -21341?
-21314
In base 2, what is -100100 + -1000000101?
-1000101001
In base 11, what is -a86 - a5?
-1080
In base 16, what is -19 + -15e?
-177
In base 5, what is -1211 + -2042?
-3303
In base 11, what is 55 + 36a82?
37027
In base 12, what is 0 + 529618?
529618
In base 2, what is -1 - -1100100110100001?
1100100110100000
In base 9, what is -21620 + 10?
-21610
In base 16, what is -e + 2010b?
200fd
In base 10, what is -42672 + 72?
-42600
In base 5, what is -10 - 32210204?
-32210214
In base 7, what is -2314260 - -2?
-2314255
In base 6, what is -12 + 203505?
203453
In base 9, what is -131484 + -26?
-131521
In base 16, what is 1c42d + 4?
1c431
In base 13, what is 456a + -4?
4566
In base 10, what is -3 - -82093?
82090
In base 11, what is -5a + -51?
-100
In base 4, what is 210 - 20322?
-20112
In base 12, what is 0 - -1979b?
1979b
In base 16, what is -8a - -e0?
56
In base 3, what is -2 - -10202111?
10202102
In base 11, what is 0 - -907846?
907846
In base 16, what is -e - 389?
-397
In base 15, what is -2920 + -8?
-2928
In base 14, what is -2944 - 18?
-295c
In base 15, what is 17 - 37ae?
-3797
In base 4, what is -213210 + 12?
-213132
In base 13, what is -54c4 + 5?
-54bc
In base 6, what is 233 + 530?
1203
In base 7, what is 61 + -24616?
-24525
In base 5, what is 21214 - 2340?
13324
In base 3, what is 121 + 2010020220?
2010021111
In base 13, what is -5 + 36377?
36372
In base 11, what is -6a - 72?
-131
In base 16, what is 16 + 21c42?
21c58
In base 5, what is 3 - -11423003?
11423011
In base 15, what is 3 + 1ea45?
1ea48
In base 15, what is 823 - 26?
7ec
In base 5, what is 1231 + 2133?
3414
In base 8, what is -561 - 1106?
-1667
In base 14, what is 18 - -1bc3?
1bdb
In base 13, what is 153083 - 2?
153081
In base 4, what is 2130 - 22330?
-20200
In base 15, what is b - -7ba?
7c6
In base 9, what is -326830 - -3?
-326826
In base 10, what is 161 - -267?
428
In base 5, what is 122420 + 104?
123024
In base 5, what is -2412143 + -2?
-2412200
In base 8, what is 523556 + 2?
523560
In base 12, what is -6 + -58809?
-58813
In base 9, what is -1 - -854725?
854724
In base 15, what is 2 + 7a6c?
7a6e
In base 9, what is -162 + -5054?
-5226
In base 3, what is -110022 + -20120?
-200212
In base 9, what is -10214 - 515?
-10730
In base 13, what is 53 - a85?
-a32
In base 7, what is 65 + 566026?
566124
In base 11, what is -33a32 - -6?
-33a27
In base 7, what is 10 - 453441?
-453431
In base 16, what is -4 + -e8b?
-e8f
In base 2, what is 101 - -1100110000111